{"id":10354,"date":"2024-01-15T14:20:57","date_gmt":"2024-01-15T13:20:57","guid":{"rendered":"https:\/\/www.wim.wat.edu.pl\/test\/?page_id=10354"},"modified":"2024-01-15T15:16:55","modified_gmt":"2024-01-15T14:16:55","slug":"zalecenia-redakcyjne","status":"publish","type":"page","link":"https:\/\/www.wim.wat.edu.pl\/test\/zalecenia-redakcyjne\/","title":{"rendered":"Zalecenia redakcyjne"},"content":{"rendered":"<table style=\"padding-bottom: 30px;\" width=\"90%\" cellspacing=\"0\" cellpadding=\"10\">\n<tbody>\n<tr>\n<td style=\"border-bottom: 1px solid #330000;\"><a href=\"..\/..\/test\/wp-content\/uploads\/2024\/01\/wim_zalecenia_redakcyjne_prac_dyplomowych_2022.pdf\" target=\"_blank\" rel=\"noopener\"><img decoding=\"async\" style=\"padding-right: 20px; padding-left: 30px; vertical-align: middle; float: left;\" src=\"..\/..\/test\/wp-content\/uploads\/ikony\/ico_pdf.png\">WIM zalecenia redakcyjne do cz\u0119\u015bci g\u0142\u00f3wnej pracy dyplomowej<\/td>\n<\/tr>\n<tr>\n<td style=\"border-bottom: 1px solid #330000;\"><a href=\"..\/..\/test\/wp-content\/uploads\/2024\/01\/wim_zalecenia_redakcyjne_prac_dyplomowych_2022.docx\" target=\"_blank\" rel=\"noopener\"><img decoding=\"async\" style=\"padding-right: 20px; padding-left: 30px; vertical-align: middle; float: left;\" src=\"..\/..\/test\/wp-content\/uploads\/ikony\/ico_doc.png\">WIM zalecenia redakcyjne do cz\u0119\u015bci g\u0142\u00f3wnej pracy dyplomowej<\/td>\n<\/tr>\n<\/tbody>\n<\/table>\n","protected":false},"excerpt":{"rendered":"<p>WIM zalecenia redakcyjne do cz\u0119\u015bci g\u0142\u00f3wnej pracy dyplomowej WIM zalecenia redakcyjne do cz\u0119\u015bci g\u0142\u00f3wnej pracy dyplomowej<\/p>\n","protected":false},"author":2,"featured_media":0,"parent":0,"menu_order":0,"comment_status":"closed","ping_status":"closed","template":"","meta":[],"_links":{"self":[{"href":"https:\/\/www.wim.wat.edu.pl\/test\/wp-json\/wp\/v2\/pages\/10354"}],"collection":[{"href":"https:\/\/www.wim.wat.edu.pl\/test\/wp-json\/wp\/v2\/pages"}],"about":[{"href":"https:\/\/www.wim.wat.edu.pl\/test\/wp-json\/wp\/v2\/types\/page"}],"author":[{"embeddable":true,"href":"https:\/\/www.wim.wat.edu.pl\/test\/wp-json\/wp\/v2\/users\/2"}],"replies":[{"embeddable":true,"href":"https:\/\/www.wim.wat.edu.pl\/test\/wp-json\/wp\/v2\/comments?post=10354"}],"version-history":[{"count":2,"href":"https:\/\/www.wim.wat.edu.pl\/test\/wp-json\/wp\/v2\/pages\/10354\/revisions"}],"predecessor-version":[{"id":10373,"href":"https:\/\/www.wim.wat.edu.pl\/test\/wp-json\/wp\/v2\/pages\/10354\/revisions\/10373"}],"wp:attachment":[{"href":"https:\/\/www.wim.wat.edu.pl\/test\/wp-json\/wp\/v2\/media?parent=10354"}],"curies":[{"name":"wp","href":"https:\/\/api.w.org\/{rel}","templated":true}]}}