{"id":10358,"date":"2024-01-15T14:31:52","date_gmt":"2024-01-15T13:31:52","guid":{"rendered":"https:\/\/www.wim.wat.edu.pl\/test\/?page_id=10358"},"modified":"2024-01-15T15:18:56","modified_gmt":"2024-01-15T14:18:56","slug":"inne-informacje","status":"publish","type":"page","link":"https:\/\/www.wim.wat.edu.pl\/test\/inne-informacje\/","title":{"rendered":"Inne informacje"},"content":{"rendered":"<table style=\"padding-bottom: 30px;\" width=\"90%\" cellspacing=\"0\" cellpadding=\"10\">\n<tbody>\n<tr>\n<td style=\"border-bottom: 1px solid #330000;\"><a href=\"..\/..\/test\/wp-content\/uploads\/2024\/01\/Rozpoczecie_okresu_dyplomowania_SD_SN_I._stopien_nab._pazdziernik_2020_obrona_LUTY_2024.pdf\" target=\"_blank\" rel=\"noopener\"><img decoding=\"async\" style=\"padding-right: 20px; padding-left: 30px; vertical-align: middle; float: left;\" src=\"..\/..\/test\/wp-content\/uploads\/ikony\/ico_pdf.png\">Rozpocz\u0119cie okresu dyplomowania SD i SN I stopnia nab\u00f3r pa\u017adziernik 2020, obrona luty 2024<\/td>\n<\/tr>\n<\/tbody>\n<\/table>\n","protected":false},"excerpt":{"rendered":"<p>Rozpocz\u0119cie okresu dyplomowania SD i SN I stopnia nab\u00f3r pa\u017adziernik 2020, obrona luty 2024<\/p>\n","protected":false},"author":2,"featured_media":0,"parent":0,"menu_order":0,"comment_status":"closed","ping_status":"closed","template":"","meta":[],"_links":{"self":[{"href":"https:\/\/www.wim.wat.edu.pl\/test\/wp-json\/wp\/v2\/pages\/10358"}],"collection":[{"href":"https:\/\/www.wim.wat.edu.pl\/test\/wp-json\/wp\/v2\/pages"}],"about":[{"href":"https:\/\/www.wim.wat.edu.pl\/test\/wp-json\/wp\/v2\/types\/page"}],"author":[{"embeddable":true,"href":"https:\/\/www.wim.wat.edu.pl\/test\/wp-json\/wp\/v2\/users\/2"}],"replies":[{"embeddable":true,"href":"https:\/\/www.wim.wat.edu.pl\/test\/wp-json\/wp\/v2\/comments?post=10358"}],"version-history":[{"count":2,"href":"https:\/\/www.wim.wat.edu.pl\/test\/wp-json\/wp\/v2\/pages\/10358\/revisions"}],"predecessor-version":[{"id":10374,"href":"https:\/\/www.wim.wat.edu.pl\/test\/wp-json\/wp\/v2\/pages\/10358\/revisions\/10374"}],"wp:attachment":[{"href":"https:\/\/www.wim.wat.edu.pl\/test\/wp-json\/wp\/v2\/media?parent=10358"}],"curies":[{"name":"wp","href":"https:\/\/api.w.org\/{rel}","templated":true}]}}